{"id":633,"date":"2020-10-28T14:04:59","date_gmt":"2020-10-28T14:04:59","guid":{"rendered":"https:\/\/sdstylegroziosalonas.lt\/?page_id=633"},"modified":"2020-10-28T14:07:07","modified_gmt":"2020-10-28T14:07:07","slug":"pristatymo-politika","status":"publish","type":"page","link":"https:\/\/sdstylegroziosalonas.lt\/index.php\/pristatymo-politika\/","title":{"rendered":"Pristatymo politika"},"content":{"rendered":"\t\t<div data-elementor-type=\"wp-page\" data-elementor-id=\"633\" class=\"elementor elementor-633\">\n\t\t\t\t\t\t<section class=\"elementor-section elementor-top-section elementor-element elementor-element-81300b3 elementor-section-boxed elementor-section-height-default elementor-section-height-default\" data-id=\"81300b3\" data-element_type=\"section\" data-e-type=\"section\">\n\t\t\t\t\t\t<div class=\"elementor-container elementor-column-gap-default\">\n\t\t\t\t\t<div class=\"elementor-column elementor-col-100 elementor-top-column elementor-element elementor-element-14586ed\" data-id=\"14586ed\" data-element_type=\"column\" data-e-type=\"column\">\n\t\t\t<div class=\"elementor-widget-wrap elementor-element-populated\">\n\t\t\t\t\t\t<div class=\"elementor-element elementor-element-155c190 elementor-widget elementor-widget-text-editor\" data-id=\"155c190\" data-element_type=\"widget\" data-e-type=\"widget\" data-widget_type=\"text-editor.default\">\n\t\t\t\t<div class=\"elementor-widget-container\">\n\t\t\t\t\t\t\t\t\t<h3><strong>Pristatymo politika<\/strong><\/h3><p><strong>Visus u\u017esakymus siun\u010diame Omniva arba Lietuvos pa\u0161tu, siuntos yra\u00a0<\/strong>pirmenyben\u0117s ir registruotos.<br \/>Siuntos pristatymo laikas \u2013 iki 5 darbo dien\u0173.\u00a0<\/p><p><strong>\u00a0Siuntimo kaina:<\/strong><\/p><p>Siuntimo kaina Lietuvoje svyruoja nuo 2 EUR iki\u00a03,5 EUR priklausomai nuo u\u017esakyto kiekio.<\/p><p>U\u017esakius u\u017e 40 EUR ir daugiau \u2013 siuntimas Lietuvoje nemokamas<\/p><p><strong>Apie OMNIVA\u00a0 ir LP EXPRESS pa\u0161tomatus<\/strong>\u00a0&#8211; tai patogus ir paprastas b\u016bdas atsisi\u0173sti siunt\u0105, nes j\u0105 atsiimti gal\u0117site bet kuriuo Jums patogiu paros metu. Kai tik siunta pasieks J\u016bs\u0173 pasirinkt\u0105 pa\u0161tomat\u0105, Jums bus i\u0161si\u0173sta sms \u017einut\u0117. SVARBU! Nurodykite tiksl\u0173 savo telefono numer\u012f, nes b\u016btent J\u016bs\u0173 nurodytu numeriu bus i\u0161si\u0173sta \u017einut\u0117 su siuntos atsi\u0117mimo i\u0161 pa\u0161tomato informacija.<\/p><p><strong>Svarbu!<\/strong>\u00a0Pasiimdami siunt\u0105 OMNIVA bei LP EXPRESS pa\u0161tomate, patikrinkite, ar n\u0117ra pa\u017eeista pakuot\u0117 ir prek\u0117s. Jei taip atsitiko, pa\u017eym\u0117kite tai gavimo dokumente ir informuokite mus el.pa\u0161tu <a href=\"mailto:sdstylegroziosalonas@mail.ru\">sdstylegroziosalonas@mail.ru<\/a> per 3 kalendorines dienas.<\/p><p>\u00a0 Jeigu Jums kilo papildom\u0173 klausim\u0173, mes visada pasiruo\u0161\u0119 Jums pad\u0117ti.<\/p><p>\u00a0Atsiskaityti u\u017e interneto parduotuv\u0117je\u00a0<strong>sdstylegroziosalonas.lt<\/strong> \u012fsigytas prekes galite:<\/p><ul><li>naudodamiesi elektronine bankininkyste (paysera.lt sistema);<\/li><\/ul>\t\t\t\t\t\t\t\t<\/div>\n\t\t\t\t<\/div>\n\t\t\t\t\t<\/div>\n\t\t<\/div>\n\t\t\t\t\t<\/div>\n\t\t<\/section>\n\t\t\t\t<\/div>\n\t\t","protected":false},"excerpt":{"rendered":"<p>Pristatymo politika Visus u\u017esakymus siun\u010diame Omniva arba Lietuvos pa\u0161tu, siuntos yra\u00a0pirmenyben\u0117s ir registruotos.Siuntos pristatymo laikas \u2013 iki 5 darbo dien\u0173.\u00a0 \u00a0Siuntimo kaina: Siuntimo kaina Lietuvoje svyruoja nuo 2 EUR iki\u00a03,5 EUR priklausomai nuo u\u017esakyto kiekio. U\u017esakius u\u017e 40 EUR ir daugiau \u2013 siuntimas Lietuvoje nemokamas Apie OMNIVA\u00a0 ir LP EXPRESS pa\u0161tomatus\u00a0&#8211; tai patogus ir paprastas [&hellip;]<\/p>\n","protected":false},"author":1,"featured_media":0,"parent":0,"menu_order":0,"comment_status":"closed","ping_status":"closed","template":"","meta":{"site-sidebar-layout":"default","site-content-layout":"","ast-site-content-layout":"","site-content-style":"default","site-sidebar-style":"default","ast-global-header-display":"","ast-banner-title-visibility":"","ast-main-header-display":"","ast-hfb-above-header-display":"","ast-hfb-below-header-display":"","ast-hfb-mobile-header-display":"","site-post-title":"","ast-breadcrumbs-content":"","ast-featured-img":"","footer-sml-layout":"","theme-transparent-header-meta":"","adv-header-id-meta":"","stick-header-meta":"","header-above-stick-meta":"","header-main-stick-meta":"","header-below-stick-meta":"","astra-migrate-meta-layouts":"default","ast-page-background-enabled":"default","ast-page-background-meta":{"desktop":{"background-color":"var(--ast-global-color-4)","background-image":"","background-repeat":"repeat","background-position":"center center","background-size":"auto","background-attachment":"scroll","background-type":"","background-media":"","overlay-type":"","overlay-color":"","overlay-gradient":""},"tablet":{"background-color":"","background-image":"","background-repeat":"repeat","background-position":"center center","background-size":"auto","background-attachment":"scroll","background-type":"","background-media":"","overlay-type":"","overlay-color":"","overlay-gradient":""},"mobile":{"background-color":"","background-image":"","background-repeat":"repeat","background-position":"center center","background-size":"auto","background-attachment":"scroll","background-type":"","background-media":"","overlay-type":"","overlay-color":"","overlay-gradient":""}},"ast-content-background-meta":{"desktop":{"background-color":"var(--ast-global-color-5)","background-image":"","background-repeat":"repeat","background-position":"center center","background-size":"auto","background-attachment":"scroll","background-type":"","background-media":"","overlay-type":"","overlay-color":"","overlay-gradient":""},"tablet":{"background-color":"var(--ast-global-color-5)","background-image":"","background-repeat":"repeat","background-position":"center center","background-size":"auto","background-attachment":"scroll","background-type":"","background-media":"","overlay-type":"","overlay-color":"","overlay-gradient":""},"mobile":{"background-color":"var(--ast-global-color-5)","background-image":"","background-repeat":"repeat","background-position":"center center","background-size":"auto","background-attachment":"scroll","background-type":"","background-media":"","overlay-type":"","overlay-color":"","overlay-gradient":""}},"footnotes":""},"class_list":["post-633","page","type-page","status-publish","hentry"],"_links":{"self":[{"href":"https:\/\/sdstylegroziosalonas.lt\/index.php\/wp-json\/wp\/v2\/pages\/633","targetHints":{"allow":["GET"]}}],"collection":[{"href":"https:\/\/sdstylegroziosalonas.lt\/index.php\/wp-json\/wp\/v2\/pages"}],"about":[{"href":"https:\/\/sdstylegroziosalonas.lt\/index.php\/wp-json\/wp\/v2\/types\/page"}],"author":[{"embeddable":true,"href":"https:\/\/sdstylegroziosalonas.lt\/index.php\/wp-json\/wp\/v2\/users\/1"}],"replies":[{"embeddable":true,"href":"https:\/\/sdstylegroziosalonas.lt\/index.php\/wp-json\/wp\/v2\/comments?post=633"}],"version-history":[{"count":0,"href":"https:\/\/sdstylegroziosalonas.lt\/index.php\/wp-json\/wp\/v2\/pages\/633\/revisions"}],"wp:attachment":[{"href":"https:\/\/sdstylegroziosalonas.lt\/index.php\/wp-json\/wp\/v2\/media?parent=633"}],"curies":[{"name":"wp","href":"https:\/\/api.w.org\/{rel}","templated":true}]}}