{"id":1117,"date":"2022-03-15T14:31:40","date_gmt":"2022-03-15T14:31:40","guid":{"rendered":"https:\/\/sdstylegroziosalonas.lt\/?post_type=product&#038;p=1117"},"modified":"2025-11-19T20:43:54","modified_gmt":"2025-11-19T20:43:54","slug":"k05-serumas-lasiukai-nuo-sauso-galvos-odos-pleiskanojimo-pleiskanu-prevencijai-50-ml-buteliuke-naudojimui-namuose","status":"publish","type":"product","link":"https:\/\/sdstylegroziosalonas.lt\/index.php\/product\/k05-serumas-lasiukai-nuo-sauso-galvos-odos-pleiskanojimo-pleiskanu-prevencijai-50-ml-buteliuke-naudojimui-namuose\/","title":{"rendered":"K05 serumas (la\u0161iukai) nuo sauso galvos odos pleiskanojimo, pleiskan\u0173 prevencijai (50 ml), buteliuke [naudojimui namuose]"},"content":{"rendered":"<p class=\"p3\">Sustiprinto tikslingo poveikio\u00a0<strong>serumas<\/strong>\u00a0(la\u0161iukai) \u2013 tai profesionalus, multi-aktyvus, nat\u016bralus ir itin efektyvus kompleksas, skirtas naudoti kovai su sausu galvos pleiskanojimu, bei tarnauja kaip prevencin\u0117 priemon\u0117 prie\u0161 pleiskanas.<\/p>\n<p class=\"p3\"><strong><span class=\"s2\">SUD\u0116TIS<\/span><\/strong>. Priemon\u0117 tikslingai praturtinta Australieti\u0161ko arbatmed\u017eio aliejumi, Piroktono Olaminu bei Did\u017eiojo rododendro ekstraktu, dilg\u0117li\u0173 bei Kaln\u0173 arnikos ekstraktais.<\/p>\n<p class=\"p3\"><b>Be sulfat\u0173, be paraben\u0173, be silikon\u0173, be hormon\u0173, be kenksming\u0173 med\u017eiag\u0173.<\/b><\/p>\n<p class=\"p3\"><span class=\"s2\">POVEIKIS<\/span>:<\/p>\n<ul class=\"ul1\">\n<li class=\"li2\">Ma\u017eina nemalon\u0173 galvos odos nie\u017e\u0117jim\u0105, sudirgim\u0105, saus\u0105 pleiskanojim\u0105;<\/li>\n<li class=\"li2\">Ramina, dr\u0117kina od\u0105, saugo j\u0105 nuo mikroorganizm\u0173 veiklos (sukelian\u010dios pleiskanojim\u0105 ir sudirginim\u0105);<\/li>\n<li class=\"li2\">Reguliuoja ir normalizuoja galvos odos riebalini\u0173 liauk\u0173 veikl\u0105;<\/li>\n<li class=\"li2\">Padeda atstatyti ir palaiko nat\u016bral\u0173 teising\u0105 hidrolipidin\u012f galvos odos balans\u0105;<\/li>\n<li class=\"li2\">Skatina odos kraujo mikrocirkuliacij\u0105;<\/li>\n<li class=\"li2\">Veikimas &#8211; antisepti\u0161kas ir antigrybelinis.<\/li>\n<\/ul>\n<p class=\"p3\"><strong><span class=\"s2\">NAUDOJIMAS<\/span><\/strong>. Po plauk\u0173 trinkimo su K05 \u0161amp\u016bnu, plaukus nusausinkite rank\u0161luos\u010diu ir su dozatoriumi\/pipete kuo tolygiau u\u017ela\u0161inkite priemon\u0117s ant galvos odos, ypa\u010d problemin\u0117se vietose. \u0160velniai pamasa\u017euokite, kad priemon\u0117 tolygiai pasiskirstyt\u0173. Stipriai netrinkite.\u00a0<b>Nenuskalaukite!<\/b><span class=\"Apple-converted-space\">\u00a0<\/span><\/p>\n<p class=\"p3\">Paskui galite plaukus \u0161ukuoti, d\u017eiovinti, stilizuoti kaip \u012fprat\u0119. Proced\u016br\u0105 kartokite 2 kartus per savait\u0119.<span class=\"Apple-converted-space\">\u00a0\u00a0<\/span>Problemai susitvarkius\/profilaktikai naudokite 1 kart\u0105 per 10 dien\u0173. Minimalus naudojimo laikas \u2013 3 m\u0117nesiai.<span class=\"Apple-converted-space\">\u00a0<\/span><\/p>\n<p class=\"p3\"><b>D\u0116MESIO<\/b>! Stenkit\u0117s, kad losjonas nepatekt\u0173 ant kaklo, veido odos, nes losjonas skirtas specialiai tik tepti ant galvos odos. \u012e produkto sud\u0117t\u012f \u012feinantys nat\u016bral\u016bs ekstraktai gali sukelti lengv\u0105 trumpalaik\u012f odos paraudim\u0105, kuris greitai\u00a0<b>praeina<\/b>.<\/p>\n","protected":false},"excerpt":{"rendered":"<p>Sustiprinto tikslingo poveikio\u00a0serumas\u00a0(la\u0161iukai) \u2013 tai profesionalus, multi-aktyvus, nat\u016bralus ir itin efektyvus kompleksas, skirtas naudoti kovai su sausu galvos pleiskanojimu, bei tarnauja kaip prevencin\u0117 priemon\u0117 prie\u0161 pleiskanas. SUD\u0116TIS. Priemon\u0117 tikslingai praturtinta Australieti\u0161ko arbatmed\u017eio aliejumi, Piroktono Olaminu bei Did\u017eiojo rododendro ekstraktu, dilg\u0117li\u0173 bei Kaln\u0173 arnikos ekstraktais. Be sulfat\u0173, be paraben\u0173, be silikon\u0173, be hormon\u0173, be kenksming\u0173 med\u017eiag\u0173. [&hellip;]<\/p>\n","protected":false},"featured_media":1118,"comment_status":"closed","ping_status":"closed","template":"","meta":{"site-sidebar-layout":"default","site-content-layout":"","ast-site-content-layout":"","site-content-style":"default","site-sidebar-style":"default","ast-global-header-display":"","ast-banner-title-visibility":"","ast-main-header-display":"","ast-hfb-above-header-display":"","ast-hfb-below-header-display":"","ast-hfb-mobile-header-display":"","site-post-title":"","ast-breadcrumbs-content":"","ast-featured-img":"","footer-sml-layout":"","theme-transparent-header-meta":"","adv-header-id-meta":"","stick-header-meta":"","header-above-stick-meta":"","header-main-stick-meta":"","header-below-stick-meta":"","astra-migrate-meta-layouts":"default","ast-page-background-enabled":"default","ast-page-background-meta":{"desktop":{"background-color":"var(--ast-global-color-4)","background-image":"","background-repeat":"repeat","background-position":"center center","background-size":"auto","background-attachment":"scroll","background-type":"","background-media":"","overlay-type":"","overlay-color":"","overlay-gradient":""},"tablet":{"background-color":"","background-image":"","background-repeat":"repeat","background-position":"center center","background-size":"auto","background-attachment":"scroll","background-type":"","background-media":"","overlay-type":"","overlay-color":"","overlay-gradient":""},"mobile":{"background-color":"","background-image":"","background-repeat":"repeat","background-position":"center center","background-size":"auto","background-attachment":"scroll","background-type":"","background-media":"","overlay-type":"","overlay-color":"","overlay-gradient":""}},"ast-content-background-meta":{"desktop":{"background-color":"var(--ast-global-color-5)","background-image":"","background-repeat":"repeat","background-position":"center center","background-size":"auto","background-attachment":"scroll","background-type":"","background-media":"","overlay-type":"","overlay-color":"","overlay-gradient":""},"tablet":{"background-color":"var(--ast-global-color-5)","background-image":"","background-repeat":"repeat","background-position":"center center","background-size":"auto","background-attachment":"scroll","background-type":"","background-media":"","overlay-type":"","overlay-color":"","overlay-gradient":""},"mobile":{"background-color":"var(--ast-global-color-5)","background-image":"","background-repeat":"repeat","background-position":"center center","background-size":"auto","background-attachment":"scroll","background-type":"","background-media":"","overlay-type":"","overlay-color":"","overlay-gradient":""}}},"product_brand":[],"product_cat":[36],"product_tag":[],"class_list":{"0":"post-1117","1":"product","2":"type-product","3":"status-publish","4":"has-post-thumbnail","6":"product_cat-gydomosios-priemones","7":"desktop-align-left","8":"tablet-align-left","9":"mobile-align-left","11":"first","12":"outofstock","13":"shipping-taxable","14":"purchasable","15":"product-type-simple"},"_links":{"self":[{"href":"https:\/\/sdstylegroziosalonas.lt\/index.php\/wp-json\/wp\/v2\/product\/1117","targetHints":{"allow":["GET"]}}],"collection":[{"href":"https:\/\/sdstylegroziosalonas.lt\/index.php\/wp-json\/wp\/v2\/product"}],"about":[{"href":"https:\/\/sdstylegroziosalonas.lt\/index.php\/wp-json\/wp\/v2\/types\/product"}],"replies":[{"embeddable":true,"href":"https:\/\/sdstylegroziosalonas.lt\/index.php\/wp-json\/wp\/v2\/comments?post=1117"}],"wp:featuredmedia":[{"embeddable":true,"href":"https:\/\/sdstylegroziosalonas.lt\/index.php\/wp-json\/wp\/v2\/media\/1118"}],"wp:attachment":[{"href":"https:\/\/sdstylegroziosalonas.lt\/index.php\/wp-json\/wp\/v2\/media?parent=1117"}],"wp:term":[{"taxonomy":"product_brand","embeddable":true,"href":"https:\/\/sdstylegroziosalonas.lt\/index.php\/wp-json\/wp\/v2\/product_brand?post=1117"},{"taxonomy":"product_cat","embeddable":true,"href":"https:\/\/sdstylegroziosalonas.lt\/index.php\/wp-json\/wp\/v2\/product_cat?post=1117"},{"taxonomy":"product_tag","embeddable":true,"href":"https:\/\/sdstylegroziosalonas.lt\/index.php\/wp-json\/wp\/v2\/product_tag?post=1117"}],"curies":[{"name":"wp","href":"https:\/\/api.w.org\/{rel}","templated":true}]}}