{"id":1357,"date":"2022-11-14T15:01:59","date_gmt":"2022-11-14T15:01:59","guid":{"rendered":"https:\/\/sdstylegroziosalonas.lt\/?post_type=product&#038;p=1357"},"modified":"2025-11-19T20:42:52","modified_gmt":"2025-11-19T20:42:52","slug":"unfinished-tamprus-pluostinis-plauku-formavimo-kremas-80-ml","status":"publish","type":"product","link":"https:\/\/sdstylegroziosalonas.lt\/index.php\/product\/unfinished-tamprus-pluostinis-plauku-formavimo-kremas-80-ml\/","title":{"rendered":"UNFINISHED Tamprus pluo\u0161tinis plauk\u0173 formavimo kremas, 100 ml"},"content":{"rendered":"<p><strong>UNFINISHED \u2013 Texturizing Fiber Cream, 100 ml<\/strong><\/p>\n<p>Priduoda tekst\u016bros, elastingumo, ypatingo blizgesio.<\/p>\n<p>Yra vidutin\u0117s fiksacijos.<\/p>\n<p><strong>NAUDOJIMAS<\/strong>: Nedidel\u012f kiek\u012f priemon\u0117s patrinkite tarp deln\u0173, paskirstykite ant plauk\u0173 bei formuokite toliau kaip norite.<\/p>\n<p><strong>Be paraben\u0173, be silikon\u0173.<\/strong><\/p>\n<p>Kertiniai ingredientai: vitaminas E, ry\u017ei\u0173 ekstraktas, jojoba aliejus ir sald\u017ei\u0173j\u0173 migdol\u0173 aliejus<\/p>\n<p><em>&#8211; VIDUTIN\u0116 FIKSACIJA<br \/>\n&#8211;\u00a0<\/em><em>BLIZGUS U\u017dBAIGIMAS<br \/>\n&#8211;\u00a0<\/em><em>KONTROLIUOJAMA FORMA<\/em><\/p>\n","protected":false},"excerpt":{"rendered":"<p>UNFINISHED \u2013 Texturizing Fiber Cream, 100 ml Priduoda tekst\u016bros, elastingumo, ypatingo blizgesio. Yra vidutin\u0117s fiksacijos. NAUDOJIMAS: Nedidel\u012f kiek\u012f priemon\u0117s patrinkite tarp deln\u0173, paskirstykite ant plauk\u0173 bei formuokite toliau kaip norite. Be paraben\u0173, be silikon\u0173. Kertiniai ingredientai: vitaminas E, ry\u017ei\u0173 ekstraktas, jojoba aliejus ir sald\u017ei\u0173j\u0173 migdol\u0173 aliejus &#8211; VIDUTIN\u0116 FIKSACIJA &#8211;\u00a0BLIZGUS U\u017dBAIGIMAS &#8211;\u00a0KONTROLIUOJAMA FORMA<\/p>\n","protected":false},"featured_media":1470,"comment_status":"closed","ping_status":"closed","template":"","meta":{"site-sidebar-layout":"default","site-content-layout":"default","ast-site-content-layout":"","site-content-style":"default","site-sidebar-style":"default","ast-global-header-display":"","ast-banner-title-visibility":"","ast-main-header-display":"","ast-hfb-above-header-display":"","ast-hfb-below-header-display":"","ast-hfb-mobile-header-display":"","site-post-title":"","ast-breadcrumbs-content":"","ast-featured-img":"","footer-sml-layout":"","theme-transparent-header-meta":"default","adv-header-id-meta":"","stick-header-meta":"","header-above-stick-meta":"","header-main-stick-meta":"","header-below-stick-meta":"","astra-migrate-meta-layouts":"default","ast-page-background-enabled":"default","ast-page-background-meta":{"desktop":{"background-color":"var(--ast-global-color-4)","background-image":"","background-repeat":"repeat","background-position":"center center","background-size":"auto","background-attachment":"scroll","background-type":"","background-media":"","overlay-type":"","overlay-color":"","overlay-gradient":""},"tablet":{"background-color":"","background-image":"","background-repeat":"repeat","background-position":"center center","background-size":"auto","background-attachment":"scroll","background-type":"","background-media":"","overlay-type":"","overlay-color":"","overlay-gradient":""},"mobile":{"background-color":"","background-image":"","background-repeat":"repeat","background-position":"center center","background-size":"auto","background-attachment":"scroll","background-type":"","background-media":"","overlay-type":"","overlay-color":"","overlay-gradient":""}},"ast-content-background-meta":{"desktop":{"background-color":"var(--ast-global-color-5)","background-image":"","background-repeat":"repeat","background-position":"center center","background-size":"auto","background-attachment":"scroll","background-type":"","background-media":"","overlay-type":"","overlay-color":"","overlay-gradient":""},"tablet":{"background-color":"var(--ast-global-color-5)","background-image":"","background-repeat":"repeat","background-position":"center center","background-size":"auto","background-attachment":"scroll","background-type":"","background-media":"","overlay-type":"","overlay-color":"","overlay-gradient":""},"mobile":{"background-color":"var(--ast-global-color-5)","background-image":"","background-repeat":"repeat","background-position":"center center","background-size":"auto","background-attachment":"scroll","background-type":"","background-media":"","overlay-type":"","overlay-color":"","overlay-gradient":""}}},"product_brand":[],"product_cat":[15],"product_tag":[],"class_list":{"0":"post-1357","1":"product","2":"type-product","3":"status-publish","4":"has-post-thumbnail","6":"product_cat-be-kategorijos","7":"desktop-align-left","8":"tablet-align-left","9":"mobile-align-left","11":"first","12":"outofstock","13":"shipping-taxable","14":"purchasable","15":"product-type-simple"},"_links":{"self":[{"href":"https:\/\/sdstylegroziosalonas.lt\/index.php\/wp-json\/wp\/v2\/product\/1357","targetHints":{"allow":["GET"]}}],"collection":[{"href":"https:\/\/sdstylegroziosalonas.lt\/index.php\/wp-json\/wp\/v2\/product"}],"about":[{"href":"https:\/\/sdstylegroziosalonas.lt\/index.php\/wp-json\/wp\/v2\/types\/product"}],"replies":[{"embeddable":true,"href":"https:\/\/sdstylegroziosalonas.lt\/index.php\/wp-json\/wp\/v2\/comments?post=1357"}],"wp:featuredmedia":[{"embeddable":true,"href":"https:\/\/sdstylegroziosalonas.lt\/index.php\/wp-json\/wp\/v2\/media\/1470"}],"wp:attachment":[{"href":"https:\/\/sdstylegroziosalonas.lt\/index.php\/wp-json\/wp\/v2\/media?parent=1357"}],"wp:term":[{"taxonomy":"product_brand","embeddable":true,"href":"https:\/\/sdstylegroziosalonas.lt\/index.php\/wp-json\/wp\/v2\/product_brand?post=1357"},{"taxonomy":"product_cat","embeddable":true,"href":"https:\/\/sdstylegroziosalonas.lt\/index.php\/wp-json\/wp\/v2\/product_cat?post=1357"},{"taxonomy":"product_tag","embeddable":true,"href":"https:\/\/sdstylegroziosalonas.lt\/index.php\/wp-json\/wp\/v2\/product_tag?post=1357"}],"curies":[{"name":"wp","href":"https:\/\/api.w.org\/{rel}","templated":true}]}}