{"id":1359,"date":"2022-11-14T15:03:08","date_gmt":"2022-11-14T15:03:08","guid":{"rendered":"https:\/\/sdstylegroziosalonas.lt\/?post_type=product&#038;p=1359"},"modified":"2025-11-19T20:42:46","modified_gmt":"2025-11-19T20:42:46","slug":"definer-itin-stiprios-fiksacijos-neaerozolinis-drekinantis-lakas-plaukams-350-ml","status":"publish","type":"product","link":"https:\/\/sdstylegroziosalonas.lt\/index.php\/product\/definer-itin-stiprios-fiksacijos-neaerozolinis-drekinantis-lakas-plaukams-350-ml\/","title":{"rendered":"DEFINER Itin stiprios fiksacijos neaerozolinis dr\u0117kinantis lakas plaukams, 350 ml"},"content":{"rendered":"<p><strong>DEFINER \u2013 Extra Strong HOLD Working No Aerosol Spray \u2013 Hydrating, 350 ml<\/strong><\/p>\n<p>Turintis visus privalumus fantasti\u0161kas neaerozolinis darbinis lakas.<\/p>\n<p>Saugo nat\u016brali\u0105 plauk\u0173 dr\u0117gm\u0119, stiprina plauk\u0105, form\u0105, puikiai fiksuoja j\u016bs\u0173 k\u016brybos rezultatus.<\/p>\n<p><strong>NAUDOJIMAS<\/strong>: \u0160ukuosenos formavimo pabaigoje purk\u0161ti ant plauk\u0173 i\u0161 20-30 cm atstumo.<\/p>\n<p><strong>Be silikon\u0173, be mineralini\u0173 aliej\u0173, be paraben\u0173<\/strong><\/p>\n<p>Kertinis ingredientas \u2013 provitaminas B5<\/p>\n<p><em>&#8211; ITIN STIPRI FIKSACIJA<br \/>\n&#8211;\u00a0<\/em><em>DR\u0116KINIMAS<br \/>\n&#8211;\u00a0<\/em><em>APSAUGA NUO KAR\u0160\u010cIO<br \/>\n&#8211;\u00a0<\/em><em>BLIZGESYS<br \/>\n&#8211;\u00a0<\/em><em>NEAEROZOLINIS<\/em><\/p>\n","protected":false},"excerpt":{"rendered":"<p>DEFINER \u2013 Extra Strong HOLD Working No Aerosol Spray \u2013 Hydrating, 350 ml Turintis visus privalumus fantasti\u0161kas neaerozolinis darbinis lakas. Saugo nat\u016brali\u0105 plauk\u0173 dr\u0117gm\u0119, stiprina plauk\u0105, form\u0105, puikiai fiksuoja j\u016bs\u0173 k\u016brybos rezultatus. NAUDOJIMAS: \u0160ukuosenos formavimo pabaigoje purk\u0161ti ant plauk\u0173 i\u0161 20-30 cm atstumo. Be silikon\u0173, be mineralini\u0173 aliej\u0173, be paraben\u0173 Kertinis ingredientas \u2013 provitaminas B5 [&hellip;]<\/p>\n","protected":false},"featured_media":1469,"comment_status":"closed","ping_status":"closed","template":"","meta":{"site-sidebar-layout":"default","site-content-layout":"default","ast-site-content-layout":"","site-content-style":"default","site-sidebar-style":"default","ast-global-header-display":"","ast-banner-title-visibility":"","ast-main-header-display":"","ast-hfb-above-header-display":"","ast-hfb-below-header-display":"","ast-hfb-mobile-header-display":"","site-post-title":"","ast-breadcrumbs-content":"","ast-featured-img":"","footer-sml-layout":"","theme-transparent-header-meta":"default","adv-header-id-meta":"","stick-header-meta":"","header-above-stick-meta":"","header-main-stick-meta":"","header-below-stick-meta":"","astra-migrate-meta-layouts":"default","ast-page-background-enabled":"default","ast-page-background-meta":{"desktop":{"background-color":"var(--ast-global-color-4)","background-image":"","background-repeat":"repeat","background-position":"center center","background-size":"auto","background-attachment":"scroll","background-type":"","background-media":"","overlay-type":"","overlay-color":"","overlay-gradient":""},"tablet":{"background-color":"","background-image":"","background-repeat":"repeat","background-position":"center center","background-size":"auto","background-attachment":"scroll","background-type":"","background-media":"","overlay-type":"","overlay-color":"","overlay-gradient":""},"mobile":{"background-color":"","background-image":"","background-repeat":"repeat","background-position":"center center","background-size":"auto","background-attachment":"scroll","background-type":"","background-media":"","overlay-type":"","overlay-color":"","overlay-gradient":""}},"ast-content-background-meta":{"desktop":{"background-color":"var(--ast-global-color-5)","background-image":"","background-repeat":"repeat","background-position":"center center","background-size":"auto","background-attachment":"scroll","background-type":"","background-media":"","overlay-type":"","overlay-color":"","overlay-gradient":""},"tablet":{"background-color":"var(--ast-global-color-5)","background-image":"","background-repeat":"repeat","background-position":"center center","background-size":"auto","background-attachment":"scroll","background-type":"","background-media":"","overlay-type":"","overlay-color":"","overlay-gradient":""},"mobile":{"background-color":"var(--ast-global-color-5)","background-image":"","background-repeat":"repeat","background-position":"center center","background-size":"auto","background-attachment":"scroll","background-type":"","background-media":"","overlay-type":"","overlay-color":"","overlay-gradient":""}}},"product_brand":[],"product_cat":[15],"product_tag":[],"class_list":{"0":"post-1359","1":"product","2":"type-product","3":"status-publish","4":"has-post-thumbnail","6":"product_cat-be-kategorijos","7":"desktop-align-left","8":"tablet-align-left","9":"mobile-align-left","11":"first","12":"outofstock","13":"shipping-taxable","14":"purchasable","15":"product-type-simple"},"_links":{"self":[{"href":"https:\/\/sdstylegroziosalonas.lt\/index.php\/wp-json\/wp\/v2\/product\/1359","targetHints":{"allow":["GET"]}}],"collection":[{"href":"https:\/\/sdstylegroziosalonas.lt\/index.php\/wp-json\/wp\/v2\/product"}],"about":[{"href":"https:\/\/sdstylegroziosalonas.lt\/index.php\/wp-json\/wp\/v2\/types\/product"}],"replies":[{"embeddable":true,"href":"https:\/\/sdstylegroziosalonas.lt\/index.php\/wp-json\/wp\/v2\/comments?post=1359"}],"wp:featuredmedia":[{"embeddable":true,"href":"https:\/\/sdstylegroziosalonas.lt\/index.php\/wp-json\/wp\/v2\/media\/1469"}],"wp:attachment":[{"href":"https:\/\/sdstylegroziosalonas.lt\/index.php\/wp-json\/wp\/v2\/media?parent=1359"}],"wp:term":[{"taxonomy":"product_brand","embeddable":true,"href":"https:\/\/sdstylegroziosalonas.lt\/index.php\/wp-json\/wp\/v2\/product_brand?post=1359"},{"taxonomy":"product_cat","embeddable":true,"href":"https:\/\/sdstylegroziosalonas.lt\/index.php\/wp-json\/wp\/v2\/product_cat?post=1359"},{"taxonomy":"product_tag","embeddable":true,"href":"https:\/\/sdstylegroziosalonas.lt\/index.php\/wp-json\/wp\/v2\/product_tag?post=1359"}],"curies":[{"name":"wp","href":"https:\/\/api.w.org\/{rel}","templated":true}]}}