{"id":1361,"date":"2022-11-14T15:04:46","date_gmt":"2022-11-14T15:04:46","guid":{"rendered":"https:\/\/sdstylegroziosalonas.lt\/?post_type=product&#038;p=1361"},"modified":"2025-11-19T20:39:56","modified_gmt":"2025-11-19T20:39:56","slug":"triaction-serumas-plauku-apsaugai-nuo-karscio-nuo-galiuku-issisakojimo-blizgesiui-115-ml","status":"publish","type":"product","link":"https:\/\/sdstylegroziosalonas.lt\/index.php\/product\/triaction-serumas-plauku-apsaugai-nuo-karscio-nuo-galiuku-issisakojimo-blizgesiui-115-ml\/","title":{"rendered":"TRIACTION Serumas plauk\u0173 apsaugai nuo kar\u0161\u010dio, nuo galiuk\u0173 i\u0161si\u0161akojimo, blizgesiui, 100 ml"},"content":{"rendered":"<p><strong>TRIACTION \u2013 Heat Protection Serum \u2013 Protection-Sealer-Shine, 100 ml<\/strong><\/p>\n<p>Itin efektyviai saugo plauk\u0105 nuo kar\u0161\u010dio, sprend\u017eia i\u0161si\u0161akojusi\u0173 ir neesteti\u0161k\u0173 galiuk\u0173 problem\u0105, suteikia puikaus blizgesio suformuotiems plaukams. Lin\u0173 s\u0117men\u0173 aliejaus d\u0117ka plaukai tampa glotn\u016bs, lankst\u016bs, \u017evilgantys.<\/p>\n<p>Apsaugin\u0117 pl\u0117vel\u0117, sukuriama speciali\u0173 ingredient\u0173 d\u0117ka, leid\u017eia apsaugoti plauk\u0105 nuo i\u0161saus\u0117jimo ir skilin\u0117jimo.<\/p>\n<p><strong>NAUDOJIMAS<\/strong>: Nedidel\u012f kiek\u012f priemon\u0117s paskirstyti rankomis ant \u0161vari\u0173, rank\u0161luos\u010diu nusausint\u0173 plauk\u0173 prie\u0161 d\u017eiovinant fenu, po to stilizuoti ir \u0161ukuoti, kaip norima.<\/p>\n<p>Nor\u0117dami naudoti elektrin\u012f tiesintuv\u0105 ar elektrines garbanojimo \u017enyples, &#8211; naudokite priemon\u0119 ant saus\u0173, jau stilizuot\u0173 plauk\u0173, &#8211; taip juos apsaugosite nuo kar\u0161\u010dio poveikio.<\/p>\n<p><strong>Be paraben\u0173, be mineralini\u0173 aliej\u0173<\/strong><\/p>\n<p>Kertinis ingredientas \u2013 lin\u0173 s\u0117men\u0173 aliejus<\/p>\n<p><em>&#8211; APSAUGA NUO KAR\u0160\u010cIO<br \/>\n&#8211;\u00a0<\/em><em>BLIZGESYS<br \/>\n&#8211;\u00a0<\/em><em>GLOTNUMAS<br \/>\n&#8211;\u00a0<\/em><em>GALIUK\u0172 TERAPIJA<br \/>\n&#8211;\u00a0<\/em><em>VIS\u0172 TIP\u0172 PLAUKAMS<\/em><\/p>\n","protected":false},"excerpt":{"rendered":"<p>TRIACTION \u2013 Heat Protection Serum \u2013 Protection-Sealer-Shine, 100 ml Itin efektyviai saugo plauk\u0105 nuo kar\u0161\u010dio, sprend\u017eia i\u0161si\u0161akojusi\u0173 ir neesteti\u0161k\u0173 galiuk\u0173 problem\u0105, suteikia puikaus blizgesio suformuotiems plaukams. Lin\u0173 s\u0117men\u0173 aliejaus d\u0117ka plaukai tampa glotn\u016bs, lankst\u016bs, \u017evilgantys. Apsaugin\u0117 pl\u0117vel\u0117, sukuriama speciali\u0173 ingredient\u0173 d\u0117ka, leid\u017eia apsaugoti plauk\u0105 nuo i\u0161saus\u0117jimo ir skilin\u0117jimo. NAUDOJIMAS: Nedidel\u012f kiek\u012f priemon\u0117s paskirstyti rankomis ant [&hellip;]<\/p>\n","protected":false},"featured_media":1468,"comment_status":"closed","ping_status":"closed","template":"","meta":{"site-sidebar-layout":"default","site-content-layout":"default","ast-site-content-layout":"","site-content-style":"default","site-sidebar-style":"default","ast-global-header-display":"","ast-banner-title-visibility":"","ast-main-header-display":"","ast-hfb-above-header-display":"","ast-hfb-below-header-display":"","ast-hfb-mobile-header-display":"","site-post-title":"","ast-breadcrumbs-content":"","ast-featured-img":"","footer-sml-layout":"","theme-transparent-header-meta":"default","adv-header-id-meta":"","stick-header-meta":"","header-above-stick-meta":"","header-main-stick-meta":"","header-below-stick-meta":"","astra-migrate-meta-layouts":"default","ast-page-background-enabled":"default","ast-page-background-meta":{"desktop":{"background-color":"var(--ast-global-color-4)","background-image":"","background-repeat":"repeat","background-position":"center center","background-size":"auto","background-attachment":"scroll","background-type":"","background-media":"","overlay-type":"","overlay-color":"","overlay-gradient":""},"tablet":{"background-color":"","background-image":"","background-repeat":"repeat","background-position":"center center","background-size":"auto","background-attachment":"scroll","background-type":"","background-media":"","overlay-type":"","overlay-color":"","overlay-gradient":""},"mobile":{"background-color":"","background-image":"","background-repeat":"repeat","background-position":"center center","background-size":"auto","background-attachment":"scroll","background-type":"","background-media":"","overlay-type":"","overlay-color":"","overlay-gradient":""}},"ast-content-background-meta":{"desktop":{"background-color":"var(--ast-global-color-5)","background-image":"","background-repeat":"repeat","background-position":"center center","background-size":"auto","background-attachment":"scroll","background-type":"","background-media":"","overlay-type":"","overlay-color":"","overlay-gradient":""},"tablet":{"background-color":"var(--ast-global-color-5)","background-image":"","background-repeat":"repeat","background-position":"center center","background-size":"auto","background-attachment":"scroll","background-type":"","background-media":"","overlay-type":"","overlay-color":"","overlay-gradient":""},"mobile":{"background-color":"var(--ast-global-color-5)","background-image":"","background-repeat":"repeat","background-position":"center center","background-size":"auto","background-attachment":"scroll","background-type":"","background-media":"","overlay-type":"","overlay-color":"","overlay-gradient":""}}},"product_brand":[],"product_cat":[15],"product_tag":[],"class_list":{"0":"post-1361","1":"product","2":"type-product","3":"status-publish","4":"has-post-thumbnail","6":"product_cat-be-kategorijos","7":"desktop-align-left","8":"tablet-align-left","9":"mobile-align-left","11":"first","12":"outofstock","13":"shipping-taxable","14":"purchasable","15":"product-type-simple"},"_links":{"self":[{"href":"https:\/\/sdstylegroziosalonas.lt\/index.php\/wp-json\/wp\/v2\/product\/1361","targetHints":{"allow":["GET"]}}],"collection":[{"href":"https:\/\/sdstylegroziosalonas.lt\/index.php\/wp-json\/wp\/v2\/product"}],"about":[{"href":"https:\/\/sdstylegroziosalonas.lt\/index.php\/wp-json\/wp\/v2\/types\/product"}],"replies":[{"embeddable":true,"href":"https:\/\/sdstylegroziosalonas.lt\/index.php\/wp-json\/wp\/v2\/comments?post=1361"}],"wp:featuredmedia":[{"embeddable":true,"href":"https:\/\/sdstylegroziosalonas.lt\/index.php\/wp-json\/wp\/v2\/media\/1468"}],"wp:attachment":[{"href":"https:\/\/sdstylegroziosalonas.lt\/index.php\/wp-json\/wp\/v2\/media?parent=1361"}],"wp:term":[{"taxonomy":"product_brand","embeddable":true,"href":"https:\/\/sdstylegroziosalonas.lt\/index.php\/wp-json\/wp\/v2\/product_brand?post=1361"},{"taxonomy":"product_cat","embeddable":true,"href":"https:\/\/sdstylegroziosalonas.lt\/index.php\/wp-json\/wp\/v2\/product_cat?post=1361"},{"taxonomy":"product_tag","embeddable":true,"href":"https:\/\/sdstylegroziosalonas.lt\/index.php\/wp-json\/wp\/v2\/product_tag?post=1361"}],"curies":[{"name":"wp","href":"https:\/\/api.w.org\/{rel}","templated":true}]}}