{"id":765,"date":"2020-12-17T13:37:51","date_gmt":"2020-12-17T13:37:51","guid":{"rendered":"https:\/\/sdstylegroziosalonas.lt\/?post_type=product&#038;p=765"},"modified":"2025-11-19T20:41:56","modified_gmt":"2025-11-19T20:41:56","slug":"purify-reale-kondicionierius-dazytiems-pazeistiems-silpniems-plaukams-250-ml","status":"publish","type":"product","link":"https:\/\/sdstylegroziosalonas.lt\/index.php\/product\/purify-reale-kondicionierius-dazytiems-pazeistiems-silpniems-plaukams-250-ml\/","title":{"rendered":"PURIFY REALE kondicionierius da\u017eytiems, pa\u017eeistiems silpniems plaukams, 250 ml"},"content":{"rendered":"<p>Auk\u0161tos kokyb\u0117s profesional\u0173 pam\u0117gtas kondicionierius, praturtintas\u00a0<strong>nat\u016braliu tikru bi\u010di\u0173 pieneliu, alyvuogi\u0173 aliejumi, puton\u0117s aliejumi<\/strong>\u00a0&#8211; \u0161velniai valo plaukus ir galvos od\u0105, suteikia plaukams gyvbybingum\u0105 ir purum\u0105.<\/p>\n<p>Tausoja da\u017eyt\u0173 plauk\u0173 spalv\u0105, nes sud\u0117tyje n\u0117ra drusk\u0173, stiprina ir dr\u0117kina.<\/p>\n<p>Apsaugo plaukus<em>\u00a0<\/em>nuo i\u0161saus\u0117jimo.<\/p>\n<p>Bi\u010di\u0173 pienelis veikia kaip biologinis stimuliatorius, skatina plauk\u0173 folikul\u0173 l\u0105steli\u0173 metabolizm\u0105 ir regeneracij\u0105.\u00a0Plaukai pripildomi naujos gyvyb\u0117s, tampa mink\u0161ti ir \u012fgauna \u0161ilko \u0161velnumo. Turtingas vaisi\u0173 aromatas atpalaiduoja ir padeda atsikratyti stresoIdealiai tinka naudoti po keratininio ar kitos plauk\u0173 tiesinimo proced\u016bros.<\/p>\n<p>&nbsp;<\/p>\n<p><em>Naudojimo b\u016bdas:<\/em>\u00a0Pirma panaudojite \u0161amp\u016bn\u0105 REALE &#8211;\u00a0 \u00a0u\u017etepkite ant dr\u0117gn\u0173 plauk\u0173, \u012fmasa\u017euokite. Palikite 1-2 minut\u0117ms. I\u0161skalaukite dideliu kiekiu vandens.\u00a0Jei reikia, pakartokite proced\u016br\u0105.<\/p>\n<p>U\u017etepkite REALE kondicionieri\u0173, palaikykite 1-5 min., nuplaukite.<\/p>\n<p>\u0160amp\u016bn\u0105\u00a0 ir kondicionieri\u0173 REALE galima naudoti kasdien.<\/p>\n<p>&nbsp;<\/p>\n<p>Po plauk\u0173 trinkimo su\u00a0<strong>PURIFY REALE\u00a0<\/strong>\u0161amp\u016bnu rekomenduojame naudoti\u00a0<strong>PURIFY REALE\u00a0<\/strong>kondicionieri\u0173 dar geresniems i\u0161saus\u0117jusi\u0173 ir \u0161iurk\u0161\u010di\u0173 plauk\u0173 prie\u017ei\u016bros rezultatams.<\/p>\n","protected":false},"excerpt":{"rendered":"<p>Auk\u0161tos kokyb\u0117s profesional\u0173 pam\u0117gtas kondicionierius, praturtintas\u00a0nat\u016braliu tikru bi\u010di\u0173 pieneliu, alyvuogi\u0173 aliejumi, puton\u0117s aliejumi\u00a0&#8211; \u0161velniai valo plaukus ir galvos od\u0105, suteikia plaukams gyvbybingum\u0105 ir purum\u0105. Tausoja da\u017eyt\u0173 plauk\u0173 spalv\u0105, nes sud\u0117tyje n\u0117ra drusk\u0173, stiprina ir dr\u0117kina. Apsaugo plaukus\u00a0nuo i\u0161saus\u0117jimo. Bi\u010di\u0173 pienelis veikia kaip biologinis stimuliatorius, skatina plauk\u0173 folikul\u0173 l\u0105steli\u0173 metabolizm\u0105 ir regeneracij\u0105.\u00a0Plaukai pripildomi naujos gyvyb\u0117s, tampa [&hellip;]<\/p>\n","protected":false},"featured_media":766,"comment_status":"open","ping_status":"closed","template":"","meta":{"site-sidebar-layout":"default","site-content-layout":"","ast-site-content-layout":"","site-content-style":"default","site-sidebar-style":"default","ast-global-header-display":"","ast-banner-title-visibility":"","ast-main-header-display":"","ast-hfb-above-header-display":"","ast-hfb-below-header-display":"","ast-hfb-mobile-header-display":"","site-post-title":"","ast-breadcrumbs-content":"","ast-featured-img":"","footer-sml-layout":"","theme-transparent-header-meta":"","adv-header-id-meta":"","stick-header-meta":"","header-above-stick-meta":"","header-main-stick-meta":"","header-below-stick-meta":"","astra-migrate-meta-layouts":"default","ast-page-background-enabled":"default","ast-page-background-meta":{"desktop":{"background-color":"var(--ast-global-color-4)","background-image":"","background-repeat":"repeat","background-position":"center center","background-size":"auto","background-attachment":"scroll","background-type":"","background-media":"","overlay-type":"","overlay-color":"","overlay-gradient":""},"tablet":{"background-color":"","background-image":"","background-repeat":"repeat","background-position":"center center","background-size":"auto","background-attachment":"scroll","background-type":"","background-media":"","overlay-type":"","overlay-color":"","overlay-gradient":""},"mobile":{"background-color":"","background-image":"","background-repeat":"repeat","background-position":"center center","background-size":"auto","background-attachment":"scroll","background-type":"","background-media":"","overlay-type":"","overlay-color":"","overlay-gradient":""}},"ast-content-background-meta":{"desktop":{"background-color":"var(--ast-global-color-5)","background-image":"","background-repeat":"repeat","background-position":"center center","background-size":"auto","background-attachment":"scroll","background-type":"","background-media":"","overlay-type":"","overlay-color":"","overlay-gradient":""},"tablet":{"background-color":"var(--ast-global-color-5)","background-image":"","background-repeat":"repeat","background-position":"center center","background-size":"auto","background-attachment":"scroll","background-type":"","background-media":"","overlay-type":"","overlay-color":"","overlay-gradient":""},"mobile":{"background-color":"var(--ast-global-color-5)","background-image":"","background-repeat":"repeat","background-position":"center center","background-size":"auto","background-attachment":"scroll","background-type":"","background-media":"","overlay-type":"","overlay-color":"","overlay-gradient":""}}},"product_brand":[],"product_cat":[43],"product_tag":[],"class_list":{"0":"post-765","1":"product","2":"type-product","3":"status-publish","4":"has-post-thumbnail","6":"product_cat-kondicionieriai","7":"desktop-align-left","8":"tablet-align-left","9":"mobile-align-left","11":"first","12":"outofstock","13":"sold-individually","14":"shipping-taxable","15":"purchasable","16":"product-type-simple"},"_links":{"self":[{"href":"https:\/\/sdstylegroziosalonas.lt\/index.php\/wp-json\/wp\/v2\/product\/765","targetHints":{"allow":["GET"]}}],"collection":[{"href":"https:\/\/sdstylegroziosalonas.lt\/index.php\/wp-json\/wp\/v2\/product"}],"about":[{"href":"https:\/\/sdstylegroziosalonas.lt\/index.php\/wp-json\/wp\/v2\/types\/product"}],"replies":[{"embeddable":true,"href":"https:\/\/sdstylegroziosalonas.lt\/index.php\/wp-json\/wp\/v2\/comments?post=765"}],"wp:featuredmedia":[{"embeddable":true,"href":"https:\/\/sdstylegroziosalonas.lt\/index.php\/wp-json\/wp\/v2\/media\/766"}],"wp:attachment":[{"href":"https:\/\/sdstylegroziosalonas.lt\/index.php\/wp-json\/wp\/v2\/media?parent=765"}],"wp:term":[{"taxonomy":"product_brand","embeddable":true,"href":"https:\/\/sdstylegroziosalonas.lt\/index.php\/wp-json\/wp\/v2\/product_brand?post=765"},{"taxonomy":"product_cat","embeddable":true,"href":"https:\/\/sdstylegroziosalonas.lt\/index.php\/wp-json\/wp\/v2\/product_cat?post=765"},{"taxonomy":"product_tag","embeddable":true,"href":"https:\/\/sdstylegroziosalonas.lt\/index.php\/wp-json\/wp\/v2\/product_tag?post=765"}],"curies":[{"name":"wp","href":"https:\/\/api.w.org\/{rel}","templated":true}]}}