{"id":779,"date":"2020-12-17T13:54:57","date_gmt":"2020-12-17T13:54:57","guid":{"rendered":"https:\/\/sdstylegroziosalonas.lt\/?post_type=product&#038;p=779"},"modified":"2024-08-09T20:52:16","modified_gmt":"2024-08-09T20:52:16","slug":"aliejus-ploniems-plaukams-marrakesh-oil-light-for-fine-hair-styling-elixir-original-scent-mkl001-neapsunkinantis-plauku-lengvos-teksturos-60-ml","status":"publish","type":"product","link":"https:\/\/sdstylegroziosalonas.lt\/index.php\/product\/aliejus-ploniems-plaukams-marrakesh-oil-light-for-fine-hair-styling-elixir-original-scent-mkl001-neapsunkinantis-plauku-lengvos-teksturos-60-ml\/","title":{"rendered":"Aliejus ploniems plaukams Marrakesh Oil Light For Fine Hair Styling Elixir Original Scent MKL001, neapsunkinantis plauk\u0173, lengvos tekst\u016bros, 60 ml"},"content":{"rendered":"<p>Neapsunkinantis plauk\u0173, lengvos tekst\u016bros aliejus ploniems plaukams\u00a0<strong>Marrakesh \u201eOil Light For Fine Hair Styling Elixir Original Scent\u201c<\/strong>, 60 ml<\/p>\n<p>Vis\u0173 tip\u0173 plaukams, ypa\u010d ploniems, silpniems.<\/p>\n<p><strong>Marrakesh \u201eOil Light For Fine Hair\u201c<\/strong>\u00a0aliejukas veikia taip pat, kaip ir \u012fprastinis, ta\u010diau yra lengvesn\u0117s tekst\u016bros ir padengia plaukus plonesniu sluoksniu.<\/p>\n<p><strong>I\u0161skirtin\u0117s priemon\u0117s savyb\u0117s<\/strong><br \/>\n\u2022 Plaukai tampa mink\u0161tesni ir \u0161veln\u016bs it \u0161ilkas, \u012fgauna nat\u016bral\u0173 blizges\u012f.<br \/>\n\u2022 Dvigubai sutrump\u0117ja d\u017eiovinimo laikas.<br \/>\n\u2022 Plaukai tampa elastingesni ir lengviau formuojami.<br \/>\n\u2022 Pastebimai pager\u0117ja bendra plauk\u0173 b\u016bkl\u0117 ir tekst\u016bra.<br \/>\n\u2022 Tausoja da\u017eyt\u0173 plauk\u0173 spalv\u0105.<br \/>\n\u2022 Sud\u0117tyje n\u0117ra: alkoholio, paraben\u0173, gliuteno, naftos, tetrahidrokanabinolo, propileno glikolio, da\u017eikli\u0173, flatat\u0173.<br \/>\n\u2022 Kuriant gamin\u012f nebuvo atlikti bandymai su gyv\u016bnais.<\/p>\n<p><strong>Naudojimas<\/strong>: tepkite ant \u0161lapi\u0173 ar saus\u0173 plauk\u0173. I\u0161plov\u0119 plaukus \u0161amp\u016bnu ir kondicionieriumi, u\u017etepkite nedidel\u012f kiek\u012f aliejuko ant rank\u0161luos\u010diu nusausint\u0173 plauk\u0173. Tepant aliejuk\u0105 ant sudr\u0117kint\u0173 plauk\u0173, jis tolygiai pasiskirstys po plaukus, padengs juos plonu sluoksniu ir u\u017etikrins tinkam\u0105 j\u0173 dr\u0117kinim\u0105. Jei tepate aliejuk\u0105 ant saus\u0173 plauk\u0173, gal\u0117site geriau pri\u017ei\u016br\u0117ti i\u0161saus\u0117jusius plauk\u0173 galiukus ir pa\u017eeistas vietas, u\u017etikrindami gra\u017e\u0173 plauk\u0173 \u017evilges\u012f.<\/p>\n<p><strong>\u201eMarrakesh\u201c &#8211; pajausk auk\u0161\u010diausios kokyb\u0117s Marokieti\u0161ko argano aliejaus gali\u0105.<\/strong><\/p>\n","protected":false},"excerpt":{"rendered":"<p>Neapsunkinantis plauk\u0173, lengvos tekst\u016bros aliejus ploniems plaukams\u00a0Marrakesh \u201eOil Light For Fine Hair Styling Elixir Original Scent\u201c, 60 ml Vis\u0173 tip\u0173 plaukams, ypa\u010d ploniems, silpniems. Marrakesh \u201eOil Light For Fine Hair\u201c\u00a0aliejukas veikia taip pat, kaip ir \u012fprastinis, ta\u010diau yra lengvesn\u0117s tekst\u016bros ir padengia plaukus plonesniu sluoksniu. I\u0161skirtin\u0117s priemon\u0117s savyb\u0117s \u2022 Plaukai tampa mink\u0161tesni ir \u0161veln\u016bs it [&hellip;]<\/p>\n","protected":false},"featured_media":780,"comment_status":"open","ping_status":"closed","template":"","meta":{"site-sidebar-layout":"default","site-content-layout":"","ast-site-content-layout":"","site-content-style":"default","site-sidebar-style":"default","ast-global-header-display":"","ast-banner-title-visibility":"","ast-main-header-display":"","ast-hfb-above-header-display":"","ast-hfb-below-header-display":"","ast-hfb-mobile-header-display":"","site-post-title":"","ast-breadcrumbs-content":"","ast-featured-img":"","footer-sml-layout":"","theme-transparent-header-meta":"","adv-header-id-meta":"","stick-header-meta":"","header-above-stick-meta":"","header-main-stick-meta":"","header-below-stick-meta":"","astra-migrate-meta-layouts":"default","ast-page-background-enabled":"default","ast-page-background-meta":{"desktop":{"background-color":"var(--ast-global-color-4)","background-image":"","background-repeat":"repeat","background-position":"center center","background-size":"auto","background-attachment":"scroll","background-type":"","background-media":"","overlay-type":"","overlay-color":"","overlay-gradient":""},"tablet":{"background-color":"","background-image":"","background-repeat":"repeat","background-position":"center center","background-size":"auto","background-attachment":"scroll","background-type":"","background-media":"","overlay-type":"","overlay-color":"","overlay-gradient":""},"mobile":{"background-color":"","background-image":"","background-repeat":"repeat","background-position":"center center","background-size":"auto","background-attachment":"scroll","background-type":"","background-media":"","overlay-type":"","overlay-color":"","overlay-gradient":""}},"ast-content-background-meta":{"desktop":{"background-color":"var(--ast-global-color-5)","background-image":"","background-repeat":"repeat","background-position":"center center","background-size":"auto","background-attachment":"scroll","background-type":"","background-media":"","overlay-type":"","overlay-color":"","overlay-gradient":""},"tablet":{"background-color":"var(--ast-global-color-5)","background-image":"","background-repeat":"repeat","background-position":"center center","background-size":"auto","background-attachment":"scroll","background-type":"","background-media":"","overlay-type":"","overlay-color":"","overlay-gradient":""},"mobile":{"background-color":"var(--ast-global-color-5)","background-image":"","background-repeat":"repeat","background-position":"center center","background-size":"auto","background-attachment":"scroll","background-type":"","background-media":"","overlay-type":"","overlay-color":"","overlay-gradient":""}}},"product_brand":[],"product_cat":[15],"product_tag":[],"class_list":{"0":"post-779","1":"product","2":"type-product","3":"status-publish","4":"has-post-thumbnail","6":"product_cat-be-kategorijos","7":"desktop-align-left","8":"tablet-align-left","9":"mobile-align-left","11":"first","12":"outofstock","13":"sold-individually","14":"shipping-taxable","15":"purchasable","16":"product-type-simple"},"_links":{"self":[{"href":"https:\/\/sdstylegroziosalonas.lt\/index.php\/wp-json\/wp\/v2\/product\/779","targetHints":{"allow":["GET"]}}],"collection":[{"href":"https:\/\/sdstylegroziosalonas.lt\/index.php\/wp-json\/wp\/v2\/product"}],"about":[{"href":"https:\/\/sdstylegroziosalonas.lt\/index.php\/wp-json\/wp\/v2\/types\/product"}],"replies":[{"embeddable":true,"href":"https:\/\/sdstylegroziosalonas.lt\/index.php\/wp-json\/wp\/v2\/comments?post=779"}],"wp:featuredmedia":[{"embeddable":true,"href":"https:\/\/sdstylegroziosalonas.lt\/index.php\/wp-json\/wp\/v2\/media\/780"}],"wp:attachment":[{"href":"https:\/\/sdstylegroziosalonas.lt\/index.php\/wp-json\/wp\/v2\/media?parent=779"}],"wp:term":[{"taxonomy":"product_brand","embeddable":true,"href":"https:\/\/sdstylegroziosalonas.lt\/index.php\/wp-json\/wp\/v2\/product_brand?post=779"},{"taxonomy":"product_cat","embeddable":true,"href":"https:\/\/sdstylegroziosalonas.lt\/index.php\/wp-json\/wp\/v2\/product_cat?post=779"},{"taxonomy":"product_tag","embeddable":true,"href":"https:\/\/sdstylegroziosalonas.lt\/index.php\/wp-json\/wp\/v2\/product_tag?post=779"}],"curies":[{"name":"wp","href":"https:\/\/api.w.org\/{rel}","templated":true}]}}